{"id":106,"date":"2024-02-24T21:06:32","date_gmt":"2024-02-24T20:06:32","guid":{"rendered":"https:\/\/avarc.org\/de\/?page_id=106"},"modified":"2024-02-24T21:06:32","modified_gmt":"2024-02-24T20:06:32","slug":"get-involved","status":"publish","type":"page","link":"https:\/\/avarc.org\/de\/get-involved\/","title":{"rendered":"Get Involved"},"content":{"rendered":"\n<p>Da das im Laufe des Projektes entstehende Archiv als Langzeitarchiv ausgelegt ist, dem eine niemals abgeschlossene Aktualisierung inh\u00e4rent ist, wird es unabdingbar, ein Kollektiv zu bilden, das gemeinsam an dem Projekt arbeitet und eng mit Initiativen, AktivistInnen und Communities verbunden ist, deren Wissen zu einzelnen Orten und Geschichten bereits in diversen Publikationen, Aktionen und Interventionen aufgearbeitet existiert.<\/p>\n\n\n\n<h2 class=\"wp-block-heading\"><a href=\"https:\/\/community.avarc.org\/\">Teilnahme und Teilhabe an avArc hier \u00fcber die community-Plattform m\u00f6glich!<\/a><\/h2>\n\n\n\n<p>Die Community Plattform lehnt sich in ihrer Benutzung an die der sozialen Medien an. Dort ist es m\u00f6glich, am avArc teilzunehmen und teilzuhaben. User vernetzen sich an dieser Stelle in\u00a0<a href=\"https:\/\/community.avarc.org\/gruppen\/\">bestehenden und\/oder selbst erstellten Gruppen<\/a>\u00a0zu verschiedenen Bereichen, die das avArc mitgestalten: So gibt es beispielweise die Gruppe der\u00a0<a href=\"https:\/\/community.avarc.org\/gruppen\/activist-networks\/members\/all-members\/\">aktivistischen Vernetzung<\/a>\u00a0zwischen verschiedenen Initiativen und Personen, die sich mit Erinnerungsarbeit besch\u00e4ftigen. Da Geschichte niemals \u201eneutral\u201c ist und wir in unserem Projekt als k\u00fcnstlerisch-forschendes, auch keinen Neutralit\u00e4tsanspruch erheben, positionieren wir unsere Arbeit klar als eine antifaschistische. Geschichte(n), die wir sammeln und aufarbeiten, kommen aus dieser Positionierung. Geschichte(n), die T\u00e4terInnen-Opferverschiebungen erzeugen wollen, werden in unserem Archiv nicht erz\u00e4hlt. Die Plattform, soll viel Raum zur Interaktion und zum eigenen Handeln unserer an dem Projekt teilnehmenden Verb\u00fcndeten \u00f6ffnen. Jedoch gibt es auch eine\u00a0Redaktion, die daf\u00fcr Sorge tr\u00e4gt, keine antisemitischen, rassistischen, faschistischen und nationalistischen Narrative zuzulassen und auch vor Sabotage aus diesen Richtungen sch\u00fctzt. Die\u00a0<a href=\"https:\/\/community.avarc.org\/gruppen\/field-research\/members\/all-members\/\">Gruppe\u00a0Fieldresearch<\/a>,\u00a0sucht nach Sites und Voids, sie beforscht und der Community mitteilt, eine weitere\u00a0<a href=\"https:\/\/community.avarc.org\/gruppen\/research\/members\/all-members\/\">Research\u00a0Gruppe<\/a>\u00a0sucht m\u00f6glichst viele Quellen aller Art \u2013 Literatur, Webseiten, Projektdokumentationen von Initiativen, Audiospuren, Interviews, Filme, k\u00fcnstlerische und aktivistische Interventionen, um nur einige Beispiele zu nennen. Die\u00a0<a href=\"https:\/\/community.avarc.org\/gruppen\/design\/members\/all-members\/\">Gruppe Design<\/a>\u00a0sucht nach Personen, die sich mit Fragen der Gestaltung und Projekten der Augmented Reality auseinandersetzen. In der\u00a0<a href=\"https:\/\/community.avarc.org\/gruppen\/artistic-approaches-and-interventions\/members\/all-members\/\">Gruppe Artistic Approaches and Interventions<\/a>\u00a0dient zum Austausch \u00fcber und Sammeln von k\u00fcnstlerischen Auseinandersetzungen, Projekten und Interventionen, die sich mit Spuren der Nazi-Verbrechen und\/oder antifaschistischem Widerstand besch\u00e4ftigen. All diese Quellen werden von einer\u00a0<a href=\"https:\/\/community.avarc.org\/gruppen\/data-upload-and-care\/members\/all-members\/\">Gruppe\u00a0Data Update and Care<\/a>\u00a0im avArc eingepflegt, die sich um das Aktualisieren und Wachsen der Landingpages zu den Sites k\u00fcmmert.<\/p>\n\n\n\n<p>Dies geschieht an der dritten digitalen Stelle des Projekts, der KnowledgeBase &amp; Suchmaschine, die den \u00f6ffentlich sichtbaren Teil des Archivs bildet. Sie beinhaltet die Karte auf der Sites verzeichnet werden, und von denen aus man zu jedem Punkt eine Landingpage erreichen kann. Dort sind Informationen und Bilder zu diesem Punkt enthalten und Links, zu allen Quellen, die die Community zu einem Punkt findet, sodass nach und nach das Wissen m\u00f6glichst vieler Personen aus diversen antifaschistischen Perspektiven und Kontexten versammelt wird und so die virtuelle Karte des avArc aber auch die korrespondierende Kartografie der Realit\u00e4t unserer Gegenwart verzeichnet.<\/p>\n\n\n\n<p>For information concerning our work feel free to contact us via email: info(at)avarc.org<\/p>\n","protected":false},"excerpt":{"rendered":"<p>Da das im Laufe des Projektes entstehende Archiv als Langzeitarchiv ausgelegt ist, dem eine niemals abgeschlossene Aktualisierung inh\u00e4rent ist, wird es unabdingbar, ein Kollektiv zu bilden, das gemeinsam an dem Projekt arbeitet und eng mit Initiativen, AktivistInnen und Communities verbunden ist, deren Wissen zu einzelnen Orten und Geschichten bereits in diversen Publikationen, Aktionen und Interventionen [&hellip;]<\/p>\n","protected":false},"author":1,"featured_media":0,"parent":0,"menu_order":0,"comment_status":"closed","ping_status":"closed","template":"","meta":{"footnotes":""},"class_list":["post-106","page","type-page","status-publish","hentry"],"_links":{"self":[{"href":"https:\/\/avarc.org\/de\/wp-json\/wp\/v2\/pages\/106","targetHints":{"allow":["GET"]}}],"collection":[{"href":"https:\/\/avarc.org\/de\/wp-json\/wp\/v2\/pages"}],"about":[{"href":"https:\/\/avarc.org\/de\/wp-json\/wp\/v2\/types\/page"}],"author":[{"embeddable":true,"href":"https:\/\/avarc.org\/de\/wp-json\/wp\/v2\/users\/1"}],"replies":[{"embeddable":true,"href":"https:\/\/avarc.org\/de\/wp-json\/wp\/v2\/comments?post=106"}],"version-history":[{"count":1,"href":"https:\/\/avarc.org\/de\/wp-json\/wp\/v2\/pages\/106\/revisions"}],"predecessor-version":[{"id":107,"href":"https:\/\/avarc.org\/de\/wp-json\/wp\/v2\/pages\/106\/revisions\/107"}],"wp:attachment":[{"href":"https:\/\/avarc.org\/de\/wp-json\/wp\/v2\/media?parent=106"}],"curies":[{"name":"wp","href":"https:\/\/api.w.org\/{rel}","templated":true}]}}

<p>Da das im Laufe des Projektes entstehende Archiv als Langzeitarchiv ausgelegt ist, dem eine niemals abgeschlossene Aktualisierung inhärent ist, wird es unabdingbar, ein Kollektiv zu bilden, das gemeinsam an dem Projekt arbeitet und eng mit Initiativen, AktivistInnen und Communities verbunden ist, deren Wissen zu einzelnen Orten und Geschichten bereits in diversen Publikationen, Aktionen und Interventionen aufgearbeitet existiert.</p>



<h2 class="wp-block-heading"><a href="https://community.avarc.org/">Teilnahme und Teilhabe an avArc hier über die community-Plattform möglich!</a></h2>



<p>Die Community Plattform lehnt sich in ihrer Benutzung an die der sozialen Medien an. Dort ist es möglich, am avArc teilzunehmen und teilzuhaben. User vernetzen sich an dieser Stelle in <a href="https://community.avarc.org/gruppen/">bestehenden und/oder selbst erstellten Gruppen</a> zu verschiedenen Bereichen, die das avArc mitgestalten: So gibt es beispielweise die Gruppe der <a href="https://community.avarc.org/gruppen/activist-networks/members/all-members/">aktivistischen Vernetzung</a> zwischen verschiedenen Initiativen und Personen, die sich mit Erinnerungsarbeit beschäftigen. Da Geschichte niemals „neutral“ ist und wir in unserem Projekt als künstlerisch-forschendes, auch keinen Neutralitätsanspruch erheben, positionieren wir unsere Arbeit klar als eine antifaschistische. Geschichte(n), die wir sammeln und aufarbeiten, kommen aus dieser Positionierung. Geschichte(n), die TäterInnen-Opferverschiebungen erzeugen wollen, werden in unserem Archiv nicht erzählt. Die Plattform, soll viel Raum zur Interaktion und zum eigenen Handeln unserer an dem Projekt teilnehmenden Verbündeten öffnen. Jedoch gibt es auch eine Redaktion, die dafür Sorge trägt, keine antisemitischen, rassistischen, faschistischen und nationalistischen Narrative zuzulassen und auch vor Sabotage aus diesen Richtungen schützt. Die <a href="https://community.avarc.org/gruppen/field-research/members/all-members/">Gruppe Fieldresearch</a>, sucht nach Sites und Voids, sie beforscht und der Community mitteilt, eine weitere <a href="https://community.avarc.org/gruppen/research/members/all-members/">Research Gruppe</a> sucht möglichst viele Quellen aller Art – Literatur, Webseiten, Projektdokumentationen von Initiativen, Audiospuren, Interviews, Filme, künstlerische und aktivistische Interventionen, um nur einige Beispiele zu nennen. Die <a href="https://community.avarc.org/gruppen/design/members/all-members/">Gruppe Design</a> sucht nach Personen, die sich mit Fragen der Gestaltung und Projekten der Augmented Reality auseinandersetzen. In der <a href="https://community.avarc.org/gruppen/artistic-approaches-and-interventions/members/all-members/">Gruppe Artistic Approaches and Interventions</a> dient zum Austausch über und Sammeln von künstlerischen Auseinandersetzungen, Projekten und Interventionen, die sich mit Spuren der Nazi-Verbrechen und/oder antifaschistischem Widerstand beschäftigen. All diese Quellen werden von einer <a href="https://community.avarc.org/gruppen/data-upload-and-care/members/all-members/">Gruppe Data Update and Care</a> im avArc eingepflegt, die sich um das Aktualisieren und Wachsen der Landingpages zu den Sites kümmert.</p>



<p>Dies geschieht an der dritten digitalen Stelle des Projekts, der KnowledgeBase &amp; Suchmaschine, die den öffentlich sichtbaren Teil des Archivs bildet. Sie beinhaltet die Karte auf der Sites verzeichnet werden, und von denen aus man zu jedem Punkt eine Landingpage erreichen kann. Dort sind Informationen und Bilder zu diesem Punkt enthalten und Links, zu allen Quellen, die die Community zu einem Punkt findet, sodass nach und nach das Wissen möglichst vieler Personen aus diversen antifaschistischen Perspektiven und Kontexten versammelt wird und so die virtuelle Karte des avArc aber auch die korrespondierende Kartografie der Realität unserer Gegenwart verzeichnet.</p>



<p>For information concerning our work feel free to contact us via email: info(at)avarc.org</p>

<p>Da das im Laufe des Projektes entstehende Archiv als Langzeitarchiv ausgelegt ist, dem eine niemals abgeschlossene Aktualisierung inhärent ist, wird es unabdingbar, ein Kollektiv zu bilden, das gemeinsam an dem Projekt arbeitet und eng mit Initiativen, AktivistInnen und Communities verbunden ist, deren Wissen zu einzelnen Orten und Geschichten bereits in diversen Publikationen, Aktionen und Interventionen [&hellip;]</p>
